{"id":3554,"date":"2021-02-17T13:45:58","date_gmt":"2021-02-17T13:45:58","guid":{"rendered":"https:\/\/ifdc.edu.ar\/home\/?page_id=3554"},"modified":"2021-02-18T16:48:35","modified_gmt":"2021-02-18T16:48:35","slug":"3554-2","status":"publish","type":"page","link":"https:\/\/ifdc.edu.ar\/home\/3554-2\/","title":{"rendered":"Profesorado de E.T.P"},"content":{"rendered":"<p>[et_pb_section fb_built=\u00bb1&#8243; _builder_version=\u00bb4.4.8&#8243;][et_pb_row _builder_version=\u00bb4.4.8&#8243; hover_enabled=\u00bb0&#8243;][et_pb_column type=\u00bb4_4&#8243; _builder_version=\u00bb4.4.8&#8243;][et_pb_text _builder_version=\u00bb4.4.8&#8243; hover_enabled=\u00bb0&#8243;]<\/p>\n<h1>Profesorado de Educaci\u00f3n Secundaria de la modalidad T\u00e9cnica Profesional<\/h1>\n<p style=\"text-align: center;\">(propuesta dictada a t\u00e9rmino)<\/p>\n<p>[\/et_pb_text][\/et_pb_column][\/et_pb_row][et_pb_row _builder_version=\u00bb4.4.8&#8243;][et_pb_column type=\u00bb4_4&#8243; _builder_version=\u00bb4.4.8&#8243;][et_pb_text _builder_version=\u00bb4.4.8&#8243; custom_margin=\u00bb1px|||||\u00bb]<\/p>\n<p style=\"text-align: justify;\">Este trayecto formativo tiene por finalidad la formaci\u00f3n pedag\u00f3gica did\u00e1ctica para la\u00a0pr\u00e1ctica profesional, as\u00ed como la actualizaci\u00f3n cient\u00edfico tecnol\u00f3gica destinada a formar\u00a0docentes que puedan desarrollar su pr\u00e1ctica en las instituciones de la modalidad de ETP de\u00a0nivel secundario en concurrencia con el t\u00edtulo de base. Esto supone admitir que los\/las\u00a0destinatarios\/as cuentan con saberes t\u00e9cnicos y cient\u00edficos tecnol\u00f3gicos relativos a un campo\u00a0ocupacional espec\u00edfico. Tales saberes deben poder ser reconocidos, actualizados y,\u00a0particularmente articulados y complementados con aquellos saberes relativos a la\u00a0profesionalidad docente.\u00a0<\/p>\n<p>[\/et_pb_text][\/et_pb_column][\/et_pb_row][et_pb_row _builder_version=\u00bb4.4.8&#8243;][et_pb_column type=\u00bb4_4&#8243; _builder_version=\u00bb4.4.8&#8243;][et_pb_accordion _builder_version=\u00bb4.4.8&#8243;][et_pb_accordion_item title=\u00bbPerfil del egresade\u00bb open=\u00bbon\u00bb _builder_version=\u00bb4.4.8&#8243;]<\/p>\n<p>El\/la Profesor\/a de Educaci\u00f3n T\u00e9cnica Profesional es un\/a docente con t\u00edtulo T\u00e9cnico de Base\u00a0de nivel secundario, superior o de grado universitario, que ha obtenido formaci\u00f3n pedag\u00f3gica\u00a0general, actualizaci\u00f3n cient\u00edfico tecnol\u00f3gica y formaci\u00f3n espec\u00edfica para la pr\u00e1ctica profesional\u00a0docente, a partir de las cuales cuenta con las capacidades que le permiten desempe\u00f1os\u00a0competentes en las instituciones de educaci\u00f3n t\u00e9cnico profesional de nivel secundario, tal<br \/>como se encuentran expresadas en el perfil profesional del\/la Docente de Educaci\u00f3n T\u00e9cnico\u00a0Profesional acordado federalmente y que se adjuntan como Anexo I de la Resoluci\u00f3n CFE N\u00b0\u00a0297\/16.<\/p>\n<p>[\/et_pb_accordion_item][et_pb_accordion_item title=\u00bbPlan de estudios Profesorado E.T.P. (Dise\u00f1o Curricular 1927\/19) \u00bb _builder_version=\u00bb4.4.8&#8243; open=\u00bboff\u00bb]<\/p>\n<p><strong><\/strong><\/p>\n<p><strong><\/strong><\/p>\n<p><strong>PRIMER A\u00d1O<\/strong><\/p>\n<p><strong>1\u00b0 Cuatrimestre<\/strong><\/p>\n<ul>\n<li>La Ense\u00f1anza en la escuela Secundaria T\u00e9cnica I<\/li>\n<li>\u00a0Adolescencias y educaci\u00f3n secundaria t\u00e9cnica<\/li>\n<li>Competencias comunicacionales, comprensi\u00f3n de textos t\u00e9cnicos y no t\u00e9cnicos I<\/li>\n<li>Pr\u00e1ctica Docente I<\/li>\n<\/ul>\n<p><strong>2\u00b0 Cuatrimestre<\/strong><\/p>\n<ul>\n<li>La ense\u00f1anza en la escuela t\u00e9cnica II<\/li>\n<li>Competencias comunicacionales, comprensi\u00f3n de textos t\u00e9cnicos y no\u00a0t\u00e9cnicos II\u00a0<\/li>\n<li>Pr\u00e1ctica Docente II<\/li>\n<\/ul>\n<p><strong>SEGUNDO A\u00d1O\u00a0<\/strong><\/p>\n<p><strong>1\u00b0 Cuatrimestre<\/strong><\/p>\n<ul>\n<li>El aprendizaje en la escuela Secundaria t\u00e9cnica<\/li>\n<li>Producci\u00f3n de textos para la ETP secundaria<\/li>\n<li>Pr\u00e1ctica Docente III<\/li>\n<\/ul>\n<p><strong>2\u00b0 Cuatrimestre<\/strong><\/p>\n<ul>\n<li>Contextos de y para el aprendizaje en la escuela secundaria t\u00e9cnica I<\/li>\n<li>Uso did\u00e1ctico de las TIC<\/li>\n<li>Pr\u00e1ctica Docente IV. Residencia<\/li>\n<\/ul>\n<p><strong>TERCER A\u00d1O<\/strong><\/p>\n<p><strong>1\u00b0 Cuatrimestre<\/strong><\/p>\n<ul>\n<li>Contextos de y para el aprendizaje en la escuela secundaria t\u00e9cnica II<\/li>\n<li>Condiciones del ejercicio profesional<\/li>\n<li>Vinculaci\u00f3n con el sector socio productivo<\/li>\n<li>Reflexi\u00f3n sobre la Problematizaci\u00f3n de la Pr\u00e1ctica<\/li>\n<\/ul>\n<p><strong>Actualizaci\u00f3n cient\u00edfica tecnol\u00f3gica en\u00a0concurrencia con el t\u00edtulo de base.\u00a0<\/strong><\/p>\n<p>[\/et_pb_accordion_item][\/et_pb_accordion][\/et_pb_column][\/et_pb_row][\/et_pb_section]<\/p>\n","protected":false},"excerpt":{"rendered":"<p>[et_pb_section fb_built=\u00bb1&#8243; _builder_version=\u00bb4.4.8&#8243;][et_pb_row _builder_version=\u00bb4.4.8&#8243; hover_enabled=\u00bb0&#8243;][et_pb_column type=\u00bb4_4&#8243; _builder_version=\u00bb4.4.8&#8243;][et_pb_text _builder_version=\u00bb4.4.8&#8243; hover_enabled=\u00bb0&#8243;] Profesorado de Educaci\u00f3n Secundaria de la modalidad T\u00e9cnica Profesional (propuesta dictada a t\u00e9rmino) [\/et_pb_text][\/et_pb_column][\/et_pb_row][et_pb_row _builder_version=\u00bb4.4.8&#8243;][et_pb_column type=\u00bb4_4&#8243; _builder_version=\u00bb4.4.8&#8243;][et_pb_text _builder_version=\u00bb4.4.8&#8243; custom_margin=\u00bb1px|||||\u00bb] Este trayecto [&hellip;]<\/p>\n","protected":false},"author":3,"featured_media":0,"parent":0,"menu_order":0,"comment_status":"closed","ping_status":"closed","template":"","meta":{"_et_pb_use_builder":"on","_et_pb_old_content":"","_et_gb_content_width":"","footnotes":""},"class_list":["post-3554","page","type-page","status-publish","hentry"],"yoast_head":"<!-- This site is optimized with the Yoast SEO plugin v26.9 - https:\/\/yoast.com\/product\/yoast-seo-wordpress\/ -->\n<title>Profesorado de E.T.P - IFDC Bariloche<\/title>\n<meta name=\"robots\" content=\"index, follow, max-snippet:-1, max-image-preview:large, max-video-preview:-1\" \/>\n<link rel=\"canonical\" href=\"https:\/\/ifdc.edu.ar\/home\/3554-2\/\" \/>\n<meta property=\"og:locale\" content=\"es_ES\" \/>\n<meta property=\"og:type\" content=\"article\" \/>\n<meta property=\"og:title\" content=\"Profesorado de E.T.P - IFDC Bariloche\" \/>\n<meta property=\"og:description\" content=\"[et_pb_section fb_built=\u00bb1&#8243; _builder_version=\u00bb4.4.8&#8243;][et_pb_row _builder_version=\u00bb4.4.8&#8243; hover_enabled=\u00bb0&#8243;][et_pb_column type=\u00bb4_4&#8243; _builder_version=\u00bb4.4.8&#8243;][et_pb_text _builder_version=\u00bb4.4.8&#8243; hover_enabled=\u00bb0&#8243;] Profesorado de Educaci\u00f3n Secundaria de la modalidad T\u00e9cnica Profesional (propuesta dictada a t\u00e9rmino) [\/et_pb_text][\/et_pb_column][\/et_pb_row][et_pb_row _builder_version=\u00bb4.4.8&#8243;][et_pb_column type=\u00bb4_4&#8243; _builder_version=\u00bb4.4.8&#8243;][et_pb_text _builder_version=\u00bb4.4.8&#8243; custom_margin=\u00bb1px|||||\u00bb] Este trayecto [&hellip;]\" \/>\n<meta property=\"og:url\" content=\"https:\/\/ifdc.edu.ar\/home\/3554-2\/\" \/>\n<meta property=\"og:site_name\" content=\"IFDC Bariloche\" \/>\n<meta property=\"article:modified_time\" content=\"2021-02-18T16:48:35+00:00\" \/>\n<meta name=\"twitter:card\" content=\"summary_large_image\" \/>\n<meta name=\"twitter:label1\" content=\"Tiempo de lectura\" \/>\n\t<meta name=\"twitter:data1\" content=\"3 minutos\" \/>\n<script type=\"application\/ld+json\" class=\"yoast-schema-graph\">{\"@context\":\"https:\/\/schema.org\",\"@graph\":[{\"@type\":\"WebPage\",\"@id\":\"https:\/\/ifdc.edu.ar\/home\/3554-2\/\",\"url\":\"https:\/\/ifdc.edu.ar\/home\/3554-2\/\",\"name\":\"Profesorado de E.T.P - IFDC Bariloche\",\"isPartOf\":{\"@id\":\"https:\/\/ifdc.edu.ar\/home\/#website\"},\"datePublished\":\"2021-02-17T13:45:58+00:00\",\"dateModified\":\"2021-02-18T16:48:35+00:00\",\"breadcrumb\":{\"@id\":\"https:\/\/ifdc.edu.ar\/home\/3554-2\/#breadcrumb\"},\"inLanguage\":\"es\",\"potentialAction\":[{\"@type\":\"ReadAction\",\"target\":[\"https:\/\/ifdc.edu.ar\/home\/3554-2\/\"]}]},{\"@type\":\"BreadcrumbList\",\"@id\":\"https:\/\/ifdc.edu.ar\/home\/3554-2\/#breadcrumb\",\"itemListElement\":[{\"@type\":\"ListItem\",\"position\":1,\"name\":\"Portada\",\"item\":\"https:\/\/ifdc.edu.ar\/home\/\"},{\"@type\":\"ListItem\",\"position\":2,\"name\":\"Profesorado de E.T.P\"}]},{\"@type\":\"WebSite\",\"@id\":\"https:\/\/ifdc.edu.ar\/home\/#website\",\"url\":\"https:\/\/ifdc.edu.ar\/home\/\",\"name\":\"IFDC Bariloche\",\"description\":\"IFDC Bariloche\",\"potentialAction\":[{\"@type\":\"SearchAction\",\"target\":{\"@type\":\"EntryPoint\",\"urlTemplate\":\"https:\/\/ifdc.edu.ar\/home\/?s={search_term_string}\"},\"query-input\":{\"@type\":\"PropertyValueSpecification\",\"valueRequired\":true,\"valueName\":\"search_term_string\"}}],\"inLanguage\":\"es\"}]}<\/script>\n<!-- \/ Yoast SEO plugin. -->","yoast_head_json":{"title":"Profesorado de E.T.P - IFDC Bariloche","robots":{"index":"index","follow":"follow","max-snippet":"max-snippet:-1","max-image-preview":"max-image-preview:large","max-video-preview":"max-video-preview:-1"},"canonical":"https:\/\/ifdc.edu.ar\/home\/3554-2\/","og_locale":"es_ES","og_type":"article","og_title":"Profesorado de E.T.P - IFDC Bariloche","og_description":"[et_pb_section fb_built=\u00bb1&#8243; _builder_version=\u00bb4.4.8&#8243;][et_pb_row _builder_version=\u00bb4.4.8&#8243; hover_enabled=\u00bb0&#8243;][et_pb_column type=\u00bb4_4&#8243; _builder_version=\u00bb4.4.8&#8243;][et_pb_text _builder_version=\u00bb4.4.8&#8243; hover_enabled=\u00bb0&#8243;] Profesorado de Educaci\u00f3n Secundaria de la modalidad T\u00e9cnica Profesional (propuesta dictada a t\u00e9rmino) [\/et_pb_text][\/et_pb_column][\/et_pb_row][et_pb_row _builder_version=\u00bb4.4.8&#8243;][et_pb_column type=\u00bb4_4&#8243; _builder_version=\u00bb4.4.8&#8243;][et_pb_text _builder_version=\u00bb4.4.8&#8243; custom_margin=\u00bb1px|||||\u00bb] Este trayecto [&hellip;]","og_url":"https:\/\/ifdc.edu.ar\/home\/3554-2\/","og_site_name":"IFDC Bariloche","article_modified_time":"2021-02-18T16:48:35+00:00","twitter_card":"summary_large_image","twitter_misc":{"Tiempo de lectura":"3 minutos"},"schema":{"@context":"https:\/\/schema.org","@graph":[{"@type":"WebPage","@id":"https:\/\/ifdc.edu.ar\/home\/3554-2\/","url":"https:\/\/ifdc.edu.ar\/home\/3554-2\/","name":"Profesorado de E.T.P - IFDC Bariloche","isPartOf":{"@id":"https:\/\/ifdc.edu.ar\/home\/#website"},"datePublished":"2021-02-17T13:45:58+00:00","dateModified":"2021-02-18T16:48:35+00:00","breadcrumb":{"@id":"https:\/\/ifdc.edu.ar\/home\/3554-2\/#breadcrumb"},"inLanguage":"es","potentialAction":[{"@type":"ReadAction","target":["https:\/\/ifdc.edu.ar\/home\/3554-2\/"]}]},{"@type":"BreadcrumbList","@id":"https:\/\/ifdc.edu.ar\/home\/3554-2\/#breadcrumb","itemListElement":[{"@type":"ListItem","position":1,"name":"Portada","item":"https:\/\/ifdc.edu.ar\/home\/"},{"@type":"ListItem","position":2,"name":"Profesorado de E.T.P"}]},{"@type":"WebSite","@id":"https:\/\/ifdc.edu.ar\/home\/#website","url":"https:\/\/ifdc.edu.ar\/home\/","name":"IFDC Bariloche","description":"IFDC Bariloche","potentialAction":[{"@type":"SearchAction","target":{"@type":"EntryPoint","urlTemplate":"https:\/\/ifdc.edu.ar\/home\/?s={search_term_string}"},"query-input":{"@type":"PropertyValueSpecification","valueRequired":true,"valueName":"search_term_string"}}],"inLanguage":"es"}]}},"_links":{"self":[{"href":"https:\/\/ifdc.edu.ar\/home\/wp-json\/wp\/v2\/pages\/3554","targetHints":{"allow":["GET"]}}],"collection":[{"href":"https:\/\/ifdc.edu.ar\/home\/wp-json\/wp\/v2\/pages"}],"about":[{"href":"https:\/\/ifdc.edu.ar\/home\/wp-json\/wp\/v2\/types\/page"}],"author":[{"embeddable":true,"href":"https:\/\/ifdc.edu.ar\/home\/wp-json\/wp\/v2\/users\/3"}],"replies":[{"embeddable":true,"href":"https:\/\/ifdc.edu.ar\/home\/wp-json\/wp\/v2\/comments?post=3554"}],"version-history":[{"count":7,"href":"https:\/\/ifdc.edu.ar\/home\/wp-json\/wp\/v2\/pages\/3554\/revisions"}],"predecessor-version":[{"id":3940,"href":"https:\/\/ifdc.edu.ar\/home\/wp-json\/wp\/v2\/pages\/3554\/revisions\/3940"}],"wp:attachment":[{"href":"https:\/\/ifdc.edu.ar\/home\/wp-json\/wp\/v2\/media?parent=3554"}],"curies":[{"name":"wp","href":"https:\/\/api.w.org\/{rel}","templated":true}]}}

<p>[et_pb_section fb_built=»1&#8243; _builder_version=»4.4.8&#8243;][et_pb_row _builder_version=»4.4.8&#8243; hover_enabled=»0&#8243;][et_pb_column type=»4_4&#8243; _builder_version=»4.4.8&#8243;][et_pb_text _builder_version=»4.4.8&#8243; hover_enabled=»0&#8243;]</p>
<h1>Profesorado de Educación Secundaria de la modalidad Técnica Profesional</h1>
<p style="text-align: center;">(propuesta dictada a término)</p>
<p>[/et_pb_text][/et_pb_column][/et_pb_row][et_pb_row _builder_version=»4.4.8&#8243;][et_pb_column type=»4_4&#8243; _builder_version=»4.4.8&#8243;][et_pb_text _builder_version=»4.4.8&#8243; custom_margin=»1px|||||»]</p>
<p style="text-align: justify;">Este trayecto formativo tiene por finalidad la formación pedagógica didáctica para la práctica profesional, así como la actualización científico tecnológica destinada a formar docentes que puedan desarrollar su práctica en las instituciones de la modalidad de ETP de nivel secundario en concurrencia con el título de base. Esto supone admitir que los/las destinatarios/as cuentan con saberes técnicos y científicos tecnológicos relativos a un campo ocupacional específico. Tales saberes deben poder ser reconocidos, actualizados y, particularmente articulados y complementados con aquellos saberes relativos a la profesionalidad docente. </p>
<p>[/et_pb_text][/et_pb_column][/et_pb_row][et_pb_row _builder_version=»4.4.8&#8243;][et_pb_column type=»4_4&#8243; _builder_version=»4.4.8&#8243;][et_pb_accordion _builder_version=»4.4.8&#8243;][et_pb_accordion_item title=»Perfil del egresade» open=»on» _builder_version=»4.4.8&#8243;]</p>
<p>El/la Profesor/a de Educación Técnica Profesional es un/a docente con título Técnico de Base de nivel secundario, superior o de grado universitario, que ha obtenido formación pedagógica general, actualización científico tecnológica y formación específica para la práctica profesional docente, a partir de las cuales cuenta con las capacidades que le permiten desempeños competentes en las instituciones de educación técnico profesional de nivel secundario, tal<br />como se encuentran expresadas en el perfil profesional del/la Docente de Educación Técnico Profesional acordado federalmente y que se adjuntan como Anexo I de la Resolución CFE N° 297/16.</p>
<p>[/et_pb_accordion_item][et_pb_accordion_item title=»Plan de estudios Profesorado E.T.P. (Diseño Curricular 1927/19) » _builder_version=»4.4.8&#8243; open=»off»]</p>
<p><strong></strong></p>
<p><strong></strong></p>
<p><strong>PRIMER AÑO</strong></p>
<p><strong>1° Cuatrimestre</strong></p>
<ul>
<li>La Enseñanza en la escuela Secundaria Técnica I</li>
<li> Adolescencias y educación secundaria técnica</li>
<li>Competencias comunicacionales, comprensión de textos técnicos y no técnicos I</li>
<li>Práctica Docente I</li>
</ul>
<p><strong>2° Cuatrimestre</strong></p>
<ul>
<li>La enseñanza en la escuela técnica II</li>
<li>Competencias comunicacionales, comprensión de textos técnicos y no técnicos II </li>
<li>Práctica Docente II</li>
</ul>
<p><strong>SEGUNDO AÑO </strong></p>
<p><strong>1° Cuatrimestre</strong></p>
<ul>
<li>El aprendizaje en la escuela Secundaria técnica</li>
<li>Producción de textos para la ETP secundaria</li>
<li>Práctica Docente III</li>
</ul>
<p><strong>2° Cuatrimestre</strong></p>
<ul>
<li>Contextos de y para el aprendizaje en la escuela secundaria técnica I</li>
<li>Uso didáctico de las TIC</li>
<li>Práctica Docente IV. Residencia</li>
</ul>
<p><strong>TERCER AÑO</strong></p>
<p><strong>1° Cuatrimestre</strong></p>
<ul>
<li>Contextos de y para el aprendizaje en la escuela secundaria técnica II</li>
<li>Condiciones del ejercicio profesional</li>
<li>Vinculación con el sector socio productivo</li>
<li>Reflexión sobre la Problematización de la Práctica</li>
</ul>
<p><strong>Actualización científica tecnológica en concurrencia con el título de base. </strong></p>
<p>[/et_pb_accordion_item][/et_pb_accordion][/et_pb_column][/et_pb_row][/et_pb_section]</p>

<p>[et_pb_section fb_built=»1&#8243; _builder_version=»4.4.8&#8243;][et_pb_row _builder_version=»4.4.8&#8243; hover_enabled=»0&#8243;][et_pb_column type=»4_4&#8243; _builder_version=»4.4.8&#8243;][et_pb_text _builder_version=»4.4.8&#8243; hover_enabled=»0&#8243;] Profesorado de Educación Secundaria de la modalidad Técnica Profesional (propuesta dictada a término) [/et_pb_text][/et_pb_column][/et_pb_row][et_pb_row _builder_version=»4.4.8&#8243;][et_pb_column type=»4_4&#8243; _builder_version=»4.4.8&#8243;][et_pb_text _builder_version=»4.4.8&#8243; custom_margin=»1px|||||»] Este trayecto [&hellip;]</p>

<!-- This site is optimized with the Yoast SEO plugin v26.9 - https://yoast.com/product/yoast-seo-wordpress/ -->
<title>Profesorado de E.T.P - IFDC Bariloche</title>
<meta name="robots" content="index, follow, max-snippet:-1, max-image-preview:large, max-video-preview:-1" />
<link rel="canonical" href="https://ifdc.edu.ar/home/3554-2/" />
<meta property="og:locale" content="es_ES" />
<meta property="og:type" content="article" />
<meta property="og:title" content="Profesorado de E.T.P - IFDC Bariloche" />
<meta property="og:description" content="[et_pb_section fb_built=»1&#8243; _builder_version=»4.4.8&#8243;][et_pb_row _builder_version=»4.4.8&#8243; hover_enabled=»0&#8243;][et_pb_column type=»4_4&#8243; _builder_version=»4.4.8&#8243;][et_pb_text _builder_version=»4.4.8&#8243; hover_enabled=»0&#8243;] Profesorado de Educación Secundaria de la modalidad Técnica Profesional (propuesta dictada a término) [/et_pb_text][/et_pb_column][/et_pb_row][et_pb_row _builder_version=»4.4.8&#8243;][et_pb_column type=»4_4&#8243; _builder_version=»4.4.8&#8243;][et_pb_text _builder_version=»4.4.8&#8243; custom_margin=»1px|||||»] Este trayecto [&hellip;]" />
<meta property="og:url" content="https://ifdc.edu.ar/home/3554-2/" />
<meta property="og:site_name" content="IFDC Bariloche" />
<meta property="article:modified_time" content="2021-02-18T16:48:35+00:00" />
<meta name="twitter:card" content="summary_large_image" />
<meta name="twitter:label1" content="Tiempo de lectura" />
	<meta name="twitter:data1" content="3 minutos" />
<script type="application/ld+json" class="yoast-schema-graph">{"@context":"https://schema.org","@graph":[{"@type":"WebPage","@id":"https://ifdc.edu.ar/home/3554-2/","url":"https://ifdc.edu.ar/home/3554-2/","name":"Profesorado de E.T.P - IFDC Bariloche","isPartOf":{"@id":"https://ifdc.edu.ar/home/#website"},"datePublished":"2021-02-17T13:45:58+00:00","dateModified":"2021-02-18T16:48:35+00:00","breadcrumb":{"@id":"https://ifdc.edu.ar/home/3554-2/#breadcrumb"},"inLanguage":"es","potentialAction":[{"@type":"ReadAction","target":["https://ifdc.edu.ar/home/3554-2/"]}]},{"@type":"BreadcrumbList","@id":"https://ifdc.edu.ar/home/3554-2/#breadcrumb","itemListElement":[{"@type":"ListItem","position":1,"name":"Portada","item":"https://ifdc.edu.ar/home/"},{"@type":"ListItem","position":2,"name":"Profesorado de E.T.P"}]},{"@type":"WebSite","@id":"https://ifdc.edu.ar/home/#website","url":"https://ifdc.edu.ar/home/","name":"IFDC Bariloche","description":"IFDC Bariloche","potentialAction":[{"@type":"SearchAction","target":{"@type":"EntryPoint","urlTemplate":"https://ifdc.edu.ar/home/?s={search_term_string}"},"query-input":{"@type":"PropertyValueSpecification","valueRequired":true,"valueName":"search_term_string"}}],"inLanguage":"es"}]}</script>
<!-- / Yoast SEO plugin. -->

[et_pb_section fb_built=»1&#8243; _builder_version=»4.4.8&#8243;][et_pb_row _builder_version=»4.4.8&#8243; hover_enabled=»0&#8243;][et_pb_column type=»4_4&#8243; _builder_version=»4.4.8&#8243;][et_pb_text _builder_version=»4.4.8&#8243; hover_enabled=»0&#8243;] Profesorado de Educación Secundaria de la modalidad Técnica Profesional (propuesta dictada a término) [/et_pb_text][/et_pb_column][/et_pb_row][et_pb_row _builder_version=»4.4.8&#8243;][et_pb_column type=»4_4&#8243; _builder_version=»4.4.8&#8243;][et_pb_text _builder_version=»4.4.8&#8243; custom_margin=»1px|||||»] Este trayecto [&hellip;]
