{"id":3707,"date":"2021-02-17T16:04:13","date_gmt":"2021-02-17T16:04:13","guid":{"rendered":"https:\/\/ifdc.edu.ar\/home\/?page_id=3707"},"modified":"2025-11-18T16:27:46","modified_gmt":"2025-11-18T16:27:46","slug":"3707-2","status":"publish","type":"page","link":"https:\/\/ifdc.edu.ar\/home\/3707-2\/","title":{"rendered":"Matesplash"},"content":{"rendered":"<p>[et_pb_section fb_built=\u00bb1&#8243; _builder_version=\u00bb4.4.8&#8243; custom_padding=\u00bb|||2px||\u00bb][et_pb_row _builder_version=\u00bb4.4.8&#8243; hover_enabled=\u00bb0&#8243;][et_pb_column type=\u00bb4_4&#8243; _builder_version=\u00bb4.4.8&#8243;][et_pb_text _builder_version=\u00bb4.4.8&#8243; hover_enabled=\u00bb0&#8243;]<\/p>\n<header class=\"entry-header\">\n<h1 class=\"entry-title\" itemprop=\"headline\">Matesplash<\/h1>\n<p style=\"text-align: center;\"><a href=\"https:\/\/ifdc.edu.ar\/home\/wp-content\/uploads\/2025\/11\/logo-nuevo-transparente.png\"><img loading=\"lazy\" decoding=\"async\" src=\"https:\/\/ifdc.edu.ar\/home\/wp-content\/uploads\/2025\/11\/logo-nuevo-transparente-150x150.png\" width=\"232\" height=\"232\" alt=\"\" class=\"wp-image-9734 alignnone size-thumbnail\" \/><\/a><\/p>\n<p style=\"text-align: left;\"><span style=\"color: #000000;\">Somos el equipo Ludomateca del IFDC Bariloche quienes desde 2008, trabajamos con la convicci\u00f3n de que el juego, adem\u00e1s de un derecho y un contenido cultural, es una poderosa herramienta para la ense\u00f1anza y el aprendizaje de la matem\u00e1tica\u00a0<\/span><\/p>\n<\/header>\n<p dir=\"ltr\"><span><span color=\"#000000\" style=\"color: #000000;\">Actualmente, el equipo est\u00e1 integrado por las profesoras Silvia P\u00e9rez, Carolina Esefer, Valeria De la Fuente, Evelina Brinnitzer y Gabriela Fern\u00e1ndez Panizza.<\/span><\/span><\/p>\n<p dir=\"ltr\"><strong><span color=\"#000000\" style=\"color: #000000;\">El nacimiento y evoluci\u00f3n de este proyecto<\/span><\/strong><\/p>\n<p dir=\"ltr\"><span><span color=\"#000000\" style=\"color: #000000;\">En 2020, ten\u00edamos todo listo para lanzar una muestra interactiva: \u00abMatesplash: una zambullida en el mundo de la matem\u00e1tica\u00bb. La pandemia nos oblig\u00f3 a transformarla y as\u00ed este proyecto se adapt\u00f3 para ofrecer propuestas l\u00fadicas a docentes y familias, acompa\u00f1adas de orientaciones did\u00e1cticas para su implementaci\u00f3n en el aula.<\/span><\/span><\/p>\n<p dir=\"ltr\"><span><span color=\"#000000\" style=\"color: #000000;\">Con el tiempo, Matesplash comenz\u00f3 a \u00abrodar\u00bb y expandirse, convocando a diversos grupos de estudiantes de nivel primario y sus docentes para desarrollar las experiencias en diversas instituciones educativas de San Carlos de Bariloche y El Bols\u00f3n.<\/span><\/span><\/p>\n<p dir=\"ltr\"><strong><span color=\"#000000\" style=\"color: #000000;\">Relanzamiento 2025: m\u00e1s y mejores propuestas<\/span><\/strong><\/p>\n<p dir=\"ltr\"><span><span color=\"#000000\" style=\"color: #000000;\">Este a\u00f1o renovamos nuestro compromiso con la inclusi\u00f3n de juegos en la educaci\u00f3n matem\u00e1tica. Relanzamos y damos continuidad al proyecto, revisando y enriqueciendo las propuestas existentes, e incorporando nuevas experiencias dise\u00f1adas para despertar el inter\u00e9s por la matem\u00e1tica.<\/span><\/span><\/p>\n<p dir=\"ltr\"><span><span color=\"#000000\" style=\"color: #000000;\">Cada propuesta incluye una descripci\u00f3n detallada del juego o experiencia y una gu\u00eda docente con orientaciones pr\u00e1cticas para su implementaci\u00f3n en el aula.<\/span><\/span><\/p>\n<p dir=\"ltr\"><span><span color=\"#000000\" style=\"color: #000000;\">Iremos actualizando y compartiendo todos los materiales en este espacio, para que cualquier docente interesado pueda utilizarlos. En un futuro no tan lejano, esperamos poder concretar nuevamente la muestra presencial interactiva \u201cMatesplash\u201d.<\/span><\/span><\/p>\n<p dir=\"ltr\"><strong><span color=\"#000000\" style=\"color: #000000;\">Contacto<\/span><\/strong><\/p>\n<p dir=\"ltr\"><span color=\"#000000\" style=\"color: #000000;\"><span>Para sugerencias, comentarios o aportes, pueden escribirnos a:<\/span><span>\u00a0<a href=\"mailto:juegoymatematica@gmail.com\" target=\"_blank\" rel=\"noopener\">juegoymatematica@gmail.com<\/a><\/span><\/span><\/p>\n<p><strong>\u00a0<\/strong><\/p>\n<p>[\/et_pb_text][\/et_pb_column][\/et_pb_row][et_pb_row column_structure=\u00bb1_2,1_2&#8243; _builder_version=\u00bb4.4.8&#8243; custom_padding=\u00bb15px|15px|15px|15px|false|false\u00bb box_shadow_style=\u00bbpreset1&#8243;][et_pb_column type=\u00bb1_2&#8243; _builder_version=\u00bb4.4.8&#8243;][et_pb_blurb title=\u00bb1.Quinteto de tri\u00e1ngulos\u00bb image=\u00bbhttps:\/\/ifdc.edu.ar\/home\/wp-content\/uploads\/2021\/04\/quinteto.jpg\u00bb _builder_version=\u00bb4.4.8&#8243; header_level=\u00bbh2&#8243; header_text_color=\u00bb#0c71c3&#8243;]<\/p>\n<p><span>El quinteto de tri\u00e1ngulos es un rompecabezas de 5 piezas, a partir de las cuales se pueden armar m\u00faltiples figuras y formas<\/span><\/p>\n<p>[\/et_pb_blurb][\/et_pb_column][et_pb_column type=\u00bb1_2&#8243; _builder_version=\u00bb4.4.8&#8243;][et_pb_blurb title=\u00bbPropuesta\u00bb url=\u00bbhttps:\/\/drive.google.com\/file\/d\/1nec2SHNBbJ0nQ2IBb_CQ4M7q_ZATOe9O\/view\u00bb url_new_window=\u00bbon\u00bb image=\u00bbhttps:\/\/ifdc.edu.ar\/home\/wp-content\/uploads\/2021\/02\/icono-pdf-1-150&#215;150.png\u00bb _builder_version=\u00bb4.4.8&#8243; header_text_align=\u00bbcenter\u00bb header_text_color=\u00bb#1e73be\u00bb custom_padding=\u00bb15px|15px|15px|15px|false|false\u00bb box_shadow_style=\u00bbpreset2&#8243; locked=\u00bboff\u00bb][\/et_pb_blurb][et_pb_blurb title=\u00bbGu\u00eda para docentes\u00bb url=\u00bbhttps:\/\/drive.google.com\/file\/d\/1fPxJp1RrTVaNrOdXR2J5Xv1JRZn1Yu1R\/view\u00bb url_new_window=\u00bbon\u00bb image=\u00bbhttps:\/\/ifdc.edu.ar\/home\/wp-content\/uploads\/2021\/02\/icono-pdf-1-150&#215;150.png\u00bb _builder_version=\u00bb4.4.8&#8243; header_text_align=\u00bbcenter\u00bb header_text_color=\u00bb#1e73be\u00bb custom_padding=\u00bb15px|15px|15px|15px|false|false\u00bb box_shadow_style=\u00bbpreset2&#8243; locked=\u00bboff\u00bb][\/et_pb_blurb][\/et_pb_column][\/et_pb_row][et_pb_row _builder_version=\u00bb4.4.8&#8243;][et_pb_column type=\u00bb4_4&#8243; _builder_version=\u00bb4.4.8&#8243;][et_pb_divider show_divider=\u00bboff\u00bb _builder_version=\u00bb4.4.8&#8243;][\/et_pb_divider][\/et_pb_column][\/et_pb_row][et_pb_row column_structure=\u00bb1_2,1_2&#8243; _builder_version=\u00bb4.4.8&#8243; custom_padding=\u00bb15px|15px|15px|15px|false|false\u00bb box_shadow_style=\u00bbpreset1&#8243;][et_pb_column type=\u00bb1_2&#8243; _builder_version=\u00bb4.4.8&#8243;][et_pb_blurb title=\u00bb2.Multiplidado\u00bb image=\u00bbhttps:\/\/ifdc.edu.ar\/home\/wp-content\/uploads\/2021\/04\/multiplicados.png\u00bb _builder_version=\u00bb4.4.8&#8243; header_level=\u00bbh2&#8243; header_text_color=\u00bb#0c71c3&#8243;]<\/p>\n<p><span>Multiplidado es un juego de l\u00e1piz y papel para dos o m\u00e1s personas.<\/span><br \/><span>Un poco de suerte con los dados y estrategia para ubicar tu rect\u00e1ngulo har\u00e1n de este juego un gran desaf\u00edo.<\/span><\/p>\n<p>[\/et_pb_blurb][\/et_pb_column][et_pb_column type=\u00bb1_2&#8243; _builder_version=\u00bb4.4.8&#8243;][et_pb_blurb title=\u00bbPropuesta\u00bb url=\u00bbhttps:\/\/drive.google.com\/file\/d\/1BM0gT3KZ3fUoye9l8aRnKWfHz8tMbX0W\/view\u00bb url_new_window=\u00bbon\u00bb image=\u00bbhttps:\/\/ifdc.edu.ar\/home\/wp-content\/uploads\/2021\/02\/icono-pdf-1-150&#215;150.png\u00bb _builder_version=\u00bb4.4.8&#8243; header_text_align=\u00bbcenter\u00bb header_text_color=\u00bb#1e73be\u00bb custom_padding=\u00bb15px|15px|15px|15px|false|false\u00bb box_shadow_style=\u00bbpreset2&#8243; locked=\u00bboff\u00bb][\/et_pb_blurb][et_pb_blurb title=\u00bbGu\u00eda para docentes\u00bb url=\u00bbhttps:\/\/drive.google.com\/file\/d\/1afXU-9Hbs7dd33AOMY6TtfGqqI3Xit_s\/view\u00bb url_new_window=\u00bbon\u00bb image=\u00bbhttps:\/\/ifdc.edu.ar\/home\/wp-content\/uploads\/2021\/02\/icono-pdf-1-150&#215;150.png\u00bb _builder_version=\u00bb4.4.8&#8243; header_text_align=\u00bbcenter\u00bb header_text_color=\u00bb#1e73be\u00bb custom_padding=\u00bb15px|15px|15px|15px|false|false\u00bb box_shadow_style=\u00bbpreset2&#8243; locked=\u00bboff\u00bb][\/et_pb_blurb][\/et_pb_column][\/et_pb_row][et_pb_row _builder_version=\u00bb4.4.8&#8243;][et_pb_column type=\u00bb4_4&#8243; _builder_version=\u00bb4.4.8&#8243;][et_pb_divider show_divider=\u00bboff\u00bb _builder_version=\u00bb4.4.8&#8243;][\/et_pb_divider][\/et_pb_column][\/et_pb_row][et_pb_row column_structure=\u00bb1_2,1_2&#8243; _builder_version=\u00bb4.4.8&#8243; custom_padding=\u00bb15px|15px|15px|15px|false|false\u00bb box_shadow_style=\u00bbpreset1&#8243;][et_pb_column type=\u00bb1_2&#8243; _builder_version=\u00bb4.4.8&#8243;][et_pb_blurb title=\u00bb3. Cubriendo el plano\u00bb image=\u00bbhttps:\/\/ifdc.edu.ar\/home\/wp-content\/uploads\/2021\/04\/quinteto-copia.jpg\u00bb _builder_version=\u00bb4.4.8&#8243; header_level=\u00bbh2&#8243; header_text_color=\u00bb#0c71c3&#8243; custom_padding=\u00bb||6px|||\u00bb]<\/p>\n<p>Cubriendo el plano es una propuesta creativa para animarse a dise\u00f1ar distintos teselados a partir de figuras simples.<\/p>\n<p>[\/et_pb_blurb][\/et_pb_column][et_pb_column type=\u00bb1_2&#8243; _builder_version=\u00bb4.4.8&#8243;][et_pb_blurb title=\u00bbPropuesta\u00bb url=\u00bbhttps:\/\/drive.google.com\/file\/d\/1Zc7jLfh3Nx8K3K1BP6AsFdCir8-d19QD\/view\u00bb url_new_window=\u00bbon\u00bb image=\u00bbhttps:\/\/ifdc.edu.ar\/home\/wp-content\/uploads\/2021\/02\/icono-pdf-1-150&#215;150.png\u00bb _builder_version=\u00bb4.4.8&#8243; header_text_align=\u00bbcenter\u00bb header_text_color=\u00bb#1e73be\u00bb custom_padding=\u00bb15px|15px|15px|15px|false|false\u00bb box_shadow_style=\u00bbpreset2&#8243; locked=\u00bboff\u00bb][\/et_pb_blurb][et_pb_blurb title=\u00bbGu\u00eda para docentes\u00bb url=\u00bbhttps:\/\/drive.google.com\/file\/d\/1aXuGLzgVqRkeJ2h1VzDuOJMHGdtYJ0UJ\/view\u00bb url_new_window=\u00bbon\u00bb image=\u00bbhttps:\/\/ifdc.edu.ar\/home\/wp-content\/uploads\/2021\/02\/icono-pdf-1-150&#215;150.png\u00bb _builder_version=\u00bb4.4.8&#8243; header_text_align=\u00bbcenter\u00bb header_text_color=\u00bb#1e73be\u00bb custom_padding=\u00bb15px|15px|15px|15px|false|false\u00bb box_shadow_style=\u00bbpreset2&#8243; locked=\u00bboff\u00bb][\/et_pb_blurb][\/et_pb_column][\/et_pb_row][et_pb_row _builder_version=\u00bb4.4.8&#8243;][et_pb_column type=\u00bb4_4&#8243; _builder_version=\u00bb4.4.8&#8243;][et_pb_divider show_divider=\u00bboff\u00bb _builder_version=\u00bb4.4.8&#8243;][\/et_pb_divider][\/et_pb_column][\/et_pb_row][et_pb_row column_structure=\u00bb1_2,1_2&#8243; _builder_version=\u00bb4.4.8&#8243; custom_padding=\u00bb15px|15px|15px|15px|false|false\u00bb box_shadow_style=\u00bbpreset1&#8243;][et_pb_column type=\u00bb1_2&#8243; _builder_version=\u00bb4.4.8&#8243;][et_pb_blurb title=\u00bb4. Rompecabezas de 2 piezas\u00bb image=\u00bbhttps:\/\/ifdc.edu.ar\/home\/wp-content\/uploads\/2021\/05\/2piezas.jpg\u00bb _builder_version=\u00bb4.4.8&#8243; header_level=\u00bbh2&#8243; header_text_color=\u00bb#0c71c3&#8243; custom_padding=\u00bb||6px|||\u00bb]<\/p>\n<p>El rompecabezas de dos piezas es un puzzle geom\u00e9trico, que se caracteriza por su simpleza. \u00bfQu\u00e9 figuras se pueden formar?<\/p>\n<p>[\/et_pb_blurb][\/et_pb_column][et_pb_column type=\u00bb1_2&#8243; _builder_version=\u00bb4.4.8&#8243;][et_pb_blurb title=\u00bbPropuesta\u00bb url=\u00bbhttps:\/\/drive.google.com\/file\/d\/1m84g_PZv-Cz36aWhUm6lW_R6kp7VCgbl\/view\u00bb url_new_window=\u00bbon\u00bb image=\u00bbhttps:\/\/ifdc.edu.ar\/home\/wp-content\/uploads\/2021\/02\/icono-pdf-1-150&#215;150.png\u00bb _builder_version=\u00bb4.4.8&#8243; header_text_align=\u00bbcenter\u00bb header_text_color=\u00bb#1e73be\u00bb custom_padding=\u00bb15px|15px|15px|15px|false|false\u00bb box_shadow_style=\u00bbpreset2&#8243; locked=\u00bboff\u00bb][\/et_pb_blurb][et_pb_blurb title=\u00bbGu\u00eda para docentes\u00bb url=\u00bbhttps:\/\/drive.google.com\/file\/d\/1yBE8HS9246wKGuI-vneZab8_NGYKFYMG\/view\u00bb url_new_window=\u00bbon\u00bb image=\u00bbhttps:\/\/ifdc.edu.ar\/home\/wp-content\/uploads\/2021\/02\/icono-pdf-1-150&#215;150.png\u00bb _builder_version=\u00bb4.4.8&#8243; header_text_align=\u00bbcenter\u00bb header_text_color=\u00bb#1e73be\u00bb custom_padding=\u00bb15px|15px|15px|15px|false|false\u00bb box_shadow_style=\u00bbpreset2&#8243; locked=\u00bboff\u00bb][\/et_pb_blurb][\/et_pb_column][\/et_pb_row][et_pb_row _builder_version=\u00bb4.4.8&#8243;][et_pb_column type=\u00bb4_4&#8243; _builder_version=\u00bb4.4.8&#8243;][et_pb_divider show_divider=\u00bboff\u00bb _builder_version=\u00bb4.4.8&#8243;][\/et_pb_divider][\/et_pb_column][\/et_pb_row][et_pb_row column_structure=\u00bb1_2,1_2&#8243; _builder_version=\u00bb4.4.8&#8243; custom_padding=\u00bb15px|15px|15px|15px|false|false\u00bb box_shadow_style=\u00bbpreset1&#8243;][et_pb_column type=\u00bb1_2&#8243; _builder_version=\u00bb4.4.8&#8243;][et_pb_blurb title=\u00bb5 &#8211; Terminator 1&#8243; image=\u00bbhttps:\/\/ifdc.edu.ar\/home\/wp-content\/uploads\/2021\/06\/Terminator-1.jpg\u00bb _builder_version=\u00bb4.4.8&#8243; header_level=\u00bbh2&#8243; header_text_color=\u00bb#0c71c3&#8243; custom_padding=\u00bb||6px|||\u00bb]<\/p>\n<p>\u00bfTe gusta jugar con dados? Si tu respuesta es s\u00ed, \u00a1entonces este juego te va a gustar.<br \/> Es sencillo y divertido\u2026 solo ten\u00e9s que cuidarte de Terminator 1 para no perder tu puntaje.<\/p>\n<p>[\/et_pb_blurb][\/et_pb_column][et_pb_column type=\u00bb1_2&#8243; _builder_version=\u00bb4.4.8&#8243;][et_pb_blurb title=\u00bbPropuesta\u00bb url=\u00bbhttps:\/\/drive.google.com\/file\/d\/1AXLxY-LEEzevT8FajYFFfaw3IXbW7PU9\/view?usp=sharing\u00bb url_new_window=\u00bbon\u00bb image=\u00bbhttps:\/\/ifdc.edu.ar\/home\/wp-content\/uploads\/2021\/02\/icono-pdf-1-150&#215;150.png\u00bb _builder_version=\u00bb4.4.8&#8243; header_text_align=\u00bbcenter\u00bb header_text_color=\u00bb#1e73be\u00bb custom_padding=\u00bb15px|15px|15px|15px|false|false\u00bb box_shadow_style=\u00bbpreset2&#8243; locked=\u00bboff\u00bb][\/et_pb_blurb][et_pb_blurb title=\u00bbGu\u00eda para docentes\u00bb url=\u00bbhttps:\/\/drive.google.com\/file\/d\/1n7gLoXB0a_rs9YZ2O6qoUG5lweD-CxZe\/view?usp=sharing\u00bb url_new_window=\u00bbon\u00bb image=\u00bbhttps:\/\/ifdc.edu.ar\/home\/wp-content\/uploads\/2021\/02\/icono-pdf-1-150&#215;150.png\u00bb _builder_version=\u00bb4.4.8&#8243; header_text_align=\u00bbcenter\u00bb header_text_color=\u00bb#1e73be\u00bb custom_padding=\u00bb15px|15px|15px|15px|false|false\u00bb box_shadow_style=\u00bbpreset2&#8243; locked=\u00bboff\u00bb][\/et_pb_blurb][\/et_pb_column][\/et_pb_row][et_pb_row _builder_version=\u00bb4.4.8&#8243;][et_pb_column type=\u00bb4_4&#8243; _builder_version=\u00bb4.4.8&#8243;][et_pb_divider show_divider=\u00bboff\u00bb _builder_version=\u00bb4.4.8&#8243;][\/et_pb_divider][\/et_pb_column][\/et_pb_row][et_pb_row column_structure=\u00bb1_2,1_2&#8243; _builder_version=\u00bb4.4.8&#8243; custom_padding=\u00bb15px|15px|15px|15px|false|false\u00bb box_shadow_style=\u00bbpreset1&#8243;][et_pb_column type=\u00bb1_2&#8243; _builder_version=\u00bb4.4.8&#8243;][et_pb_blurb title=\u00bb6 &#8211; Tomalo con pinzas\u00bb image=\u00bbhttps:\/\/ifdc.edu.ar\/home\/wp-content\/uploads\/2021\/11\/6-imagen-tomalo-con-pinzas.jpg\u00bb _builder_version=\u00bb4.4.8&#8243; header_level=\u00bbh2&#8243; header_text_color=\u00bb#0c71c3&#8243; custom_padding=\u00bb||2px|||\u00bb]<\/p>\n<p><span>\u00bfConocen la relaci\u00f3n \u00e1urea? Les proponemos\u00a0 fabricar<\/span><br \/><span>y utilizar unas pinzas para encontrarla\u00a0en tu entorno cercano (las construcciones, el arte, el cuerpo\u00a0<\/span><span>humano, la naturaleza, los objetos). \u00bfTe anim\u00e1s?<\/span><\/p>\n<p>[\/et_pb_blurb][\/et_pb_column][et_pb_column type=\u00bb1_2&#8243; _builder_version=\u00bb4.4.8&#8243;][et_pb_blurb title=\u00bbPropuesta\u00bb url=\u00bbhttps:\/\/drive.google.com\/file\/d\/1WlrQGYApxIk8lwIvu2c_2DuPRGweCiYq\/view?usp=sharing\u00bb url_new_window=\u00bbon\u00bb image=\u00bbhttps:\/\/ifdc.edu.ar\/home\/wp-content\/uploads\/2021\/02\/icono-pdf-1-150&#215;150.png\u00bb _builder_version=\u00bb4.4.8&#8243; header_text_align=\u00bbcenter\u00bb header_text_color=\u00bb#1e73be\u00bb custom_padding=\u00bb15px|15px|15px|15px|false|false\u00bb box_shadow_style=\u00bbpreset2&#8243; locked=\u00bboff\u00bb][\/et_pb_blurb][et_pb_blurb title=\u00bbGu\u00eda para docentes\u00bb url=\u00bbhttps:\/\/drive.google.com\/file\/d\/1neIzpl5eBhWudABuYPbWGUAyringqCuP\/view?usp=sharing\u00bb url_new_window=\u00bbon\u00bb image=\u00bbhttps:\/\/ifdc.edu.ar\/home\/wp-content\/uploads\/2021\/02\/icono-pdf-1-150&#215;150.png\u00bb _builder_version=\u00bb4.4.8&#8243; header_text_align=\u00bbcenter\u00bb header_text_color=\u00bb#1e73be\u00bb custom_padding=\u00bb15px|15px|15px|15px|false|false\u00bb box_shadow_style=\u00bbpreset2&#8243; locked=\u00bboff\u00bb][\/et_pb_blurb][\/et_pb_column][\/et_pb_row][et_pb_row _builder_version=\u00bb4.4.8&#8243;][et_pb_column type=\u00bb4_4&#8243; _builder_version=\u00bb4.4.8&#8243;][et_pb_divider show_divider=\u00bboff\u00bb _builder_version=\u00bb4.4.8&#8243;][\/et_pb_divider][\/et_pb_column][\/et_pb_row][\/et_pb_section]<\/p>\n","protected":false},"excerpt":{"rendered":"<p>[et_pb_section fb_built=\u00bb1&#8243; _builder_version=\u00bb4.4.8&#8243; custom_padding=\u00bb|||2px||\u00bb][et_pb_row _builder_version=\u00bb4.4.8&#8243; hover_enabled=\u00bb0&#8243;][et_pb_column type=\u00bb4_4&#8243; _builder_version=\u00bb4.4.8&#8243;][et_pb_text _builder_version=\u00bb4.4.8&#8243; hover_enabled=\u00bb0&#8243;] Matesplash Somos el equipo Ludomateca del IFDC Bariloche quienes desde 2008, trabajamos con la convicci\u00f3n de que el juego, adem\u00e1s [&hellip;]<\/p>\n","protected":false},"author":3,"featured_media":0,"parent":0,"menu_order":0,"comment_status":"closed","ping_status":"closed","template":"","meta":{"_et_pb_use_builder":"on","_et_pb_old_content":"","_et_gb_content_width":"","footnotes":""},"class_list":["post-3707","page","type-page","status-publish","hentry"],"yoast_head":"<!-- This site is optimized with the Yoast SEO plugin v26.9 - https:\/\/yoast.com\/product\/yoast-seo-wordpress\/ -->\n<title>Matesplash - IFDC Bariloche<\/title>\n<meta name=\"robots\" content=\"index, follow, max-snippet:-1, max-image-preview:large, max-video-preview:-1\" \/>\n<link rel=\"canonical\" href=\"https:\/\/ifdc.edu.ar\/home\/3707-2\/\" \/>\n<meta property=\"og:locale\" content=\"es_ES\" \/>\n<meta property=\"og:type\" content=\"article\" \/>\n<meta property=\"og:title\" content=\"Matesplash - IFDC Bariloche\" \/>\n<meta property=\"og:description\" content=\"[et_pb_section fb_built=\u00bb1&#8243; _builder_version=\u00bb4.4.8&#8243; custom_padding=\u00bb|||2px||\u00bb][et_pb_row _builder_version=\u00bb4.4.8&#8243; hover_enabled=\u00bb0&#8243;][et_pb_column type=\u00bb4_4&#8243; _builder_version=\u00bb4.4.8&#8243;][et_pb_text _builder_version=\u00bb4.4.8&#8243; hover_enabled=\u00bb0&#8243;] Matesplash Somos el equipo Ludomateca del IFDC Bariloche quienes desde 2008, trabajamos con la convicci\u00f3n de que el juego, adem\u00e1s [&hellip;]\" \/>\n<meta property=\"og:url\" content=\"https:\/\/ifdc.edu.ar\/home\/3707-2\/\" \/>\n<meta property=\"og:site_name\" content=\"IFDC Bariloche\" \/>\n<meta property=\"article:modified_time\" content=\"2025-11-18T16:27:46+00:00\" \/>\n<meta property=\"og:image\" content=\"https:\/\/ifdc.edu.ar\/home\/wp-content\/uploads\/2025\/11\/logo-nuevo-transparente-150x150.png\" \/>\n<meta name=\"twitter:card\" content=\"summary_large_image\" \/>\n<meta name=\"twitter:label1\" content=\"Tiempo de lectura\" \/>\n\t<meta name=\"twitter:data1\" content=\"9 minutos\" \/>\n<script type=\"application\/ld+json\" class=\"yoast-schema-graph\">{\"@context\":\"https:\/\/schema.org\",\"@graph\":[{\"@type\":\"WebPage\",\"@id\":\"https:\/\/ifdc.edu.ar\/home\/3707-2\/\",\"url\":\"https:\/\/ifdc.edu.ar\/home\/3707-2\/\",\"name\":\"Matesplash - IFDC Bariloche\",\"isPartOf\":{\"@id\":\"https:\/\/ifdc.edu.ar\/home\/#website\"},\"primaryImageOfPage\":{\"@id\":\"https:\/\/ifdc.edu.ar\/home\/3707-2\/#primaryimage\"},\"image\":{\"@id\":\"https:\/\/ifdc.edu.ar\/home\/3707-2\/#primaryimage\"},\"thumbnailUrl\":\"https:\/\/ifdc.edu.ar\/home\/wp-content\/uploads\/2025\/11\/logo-nuevo-transparente-150x150.png\",\"datePublished\":\"2021-02-17T16:04:13+00:00\",\"dateModified\":\"2025-11-18T16:27:46+00:00\",\"breadcrumb\":{\"@id\":\"https:\/\/ifdc.edu.ar\/home\/3707-2\/#breadcrumb\"},\"inLanguage\":\"es\",\"potentialAction\":[{\"@type\":\"ReadAction\",\"target\":[\"https:\/\/ifdc.edu.ar\/home\/3707-2\/\"]}]},{\"@type\":\"ImageObject\",\"inLanguage\":\"es\",\"@id\":\"https:\/\/ifdc.edu.ar\/home\/3707-2\/#primaryimage\",\"url\":\"https:\/\/ifdc.edu.ar\/home\/wp-content\/uploads\/2025\/11\/logo-nuevo-transparente.png\",\"contentUrl\":\"https:\/\/ifdc.edu.ar\/home\/wp-content\/uploads\/2025\/11\/logo-nuevo-transparente.png\",\"width\":720,\"height\":720},{\"@type\":\"BreadcrumbList\",\"@id\":\"https:\/\/ifdc.edu.ar\/home\/3707-2\/#breadcrumb\",\"itemListElement\":[{\"@type\":\"ListItem\",\"position\":1,\"name\":\"Portada\",\"item\":\"https:\/\/ifdc.edu.ar\/home\/\"},{\"@type\":\"ListItem\",\"position\":2,\"name\":\"Matesplash\"}]},{\"@type\":\"WebSite\",\"@id\":\"https:\/\/ifdc.edu.ar\/home\/#website\",\"url\":\"https:\/\/ifdc.edu.ar\/home\/\",\"name\":\"IFDC Bariloche\",\"description\":\"IFDC Bariloche\",\"potentialAction\":[{\"@type\":\"SearchAction\",\"target\":{\"@type\":\"EntryPoint\",\"urlTemplate\":\"https:\/\/ifdc.edu.ar\/home\/?s={search_term_string}\"},\"query-input\":{\"@type\":\"PropertyValueSpecification\",\"valueRequired\":true,\"valueName\":\"search_term_string\"}}],\"inLanguage\":\"es\"}]}<\/script>\n<!-- \/ Yoast SEO plugin. -->","yoast_head_json":{"title":"Matesplash - IFDC Bariloche","robots":{"index":"index","follow":"follow","max-snippet":"max-snippet:-1","max-image-preview":"max-image-preview:large","max-video-preview":"max-video-preview:-1"},"canonical":"https:\/\/ifdc.edu.ar\/home\/3707-2\/","og_locale":"es_ES","og_type":"article","og_title":"Matesplash - IFDC Bariloche","og_description":"[et_pb_section fb_built=\u00bb1&#8243; _builder_version=\u00bb4.4.8&#8243; custom_padding=\u00bb|||2px||\u00bb][et_pb_row _builder_version=\u00bb4.4.8&#8243; hover_enabled=\u00bb0&#8243;][et_pb_column type=\u00bb4_4&#8243; _builder_version=\u00bb4.4.8&#8243;][et_pb_text _builder_version=\u00bb4.4.8&#8243; hover_enabled=\u00bb0&#8243;] Matesplash Somos el equipo Ludomateca del IFDC Bariloche quienes desde 2008, trabajamos con la convicci\u00f3n de que el juego, adem\u00e1s [&hellip;]","og_url":"https:\/\/ifdc.edu.ar\/home\/3707-2\/","og_site_name":"IFDC Bariloche","article_modified_time":"2025-11-18T16:27:46+00:00","og_image":[{"url":"https:\/\/ifdc.edu.ar\/home\/wp-content\/uploads\/2025\/11\/logo-nuevo-transparente-150x150.png","type":"","width":"","height":""}],"twitter_card":"summary_large_image","twitter_misc":{"Tiempo de lectura":"9 minutos"},"schema":{"@context":"https:\/\/schema.org","@graph":[{"@type":"WebPage","@id":"https:\/\/ifdc.edu.ar\/home\/3707-2\/","url":"https:\/\/ifdc.edu.ar\/home\/3707-2\/","name":"Matesplash - IFDC Bariloche","isPartOf":{"@id":"https:\/\/ifdc.edu.ar\/home\/#website"},"primaryImageOfPage":{"@id":"https:\/\/ifdc.edu.ar\/home\/3707-2\/#primaryimage"},"image":{"@id":"https:\/\/ifdc.edu.ar\/home\/3707-2\/#primaryimage"},"thumbnailUrl":"https:\/\/ifdc.edu.ar\/home\/wp-content\/uploads\/2025\/11\/logo-nuevo-transparente-150x150.png","datePublished":"2021-02-17T16:04:13+00:00","dateModified":"2025-11-18T16:27:46+00:00","breadcrumb":{"@id":"https:\/\/ifdc.edu.ar\/home\/3707-2\/#breadcrumb"},"inLanguage":"es","potentialAction":[{"@type":"ReadAction","target":["https:\/\/ifdc.edu.ar\/home\/3707-2\/"]}]},{"@type":"ImageObject","inLanguage":"es","@id":"https:\/\/ifdc.edu.ar\/home\/3707-2\/#primaryimage","url":"https:\/\/ifdc.edu.ar\/home\/wp-content\/uploads\/2025\/11\/logo-nuevo-transparente.png","contentUrl":"https:\/\/ifdc.edu.ar\/home\/wp-content\/uploads\/2025\/11\/logo-nuevo-transparente.png","width":720,"height":720},{"@type":"BreadcrumbList","@id":"https:\/\/ifdc.edu.ar\/home\/3707-2\/#breadcrumb","itemListElement":[{"@type":"ListItem","position":1,"name":"Portada","item":"https:\/\/ifdc.edu.ar\/home\/"},{"@type":"ListItem","position":2,"name":"Matesplash"}]},{"@type":"WebSite","@id":"https:\/\/ifdc.edu.ar\/home\/#website","url":"https:\/\/ifdc.edu.ar\/home\/","name":"IFDC Bariloche","description":"IFDC Bariloche","potentialAction":[{"@type":"SearchAction","target":{"@type":"EntryPoint","urlTemplate":"https:\/\/ifdc.edu.ar\/home\/?s={search_term_string}"},"query-input":{"@type":"PropertyValueSpecification","valueRequired":true,"valueName":"search_term_string"}}],"inLanguage":"es"}]}},"_links":{"self":[{"href":"https:\/\/ifdc.edu.ar\/home\/wp-json\/wp\/v2\/pages\/3707","targetHints":{"allow":["GET"]}}],"collection":[{"href":"https:\/\/ifdc.edu.ar\/home\/wp-json\/wp\/v2\/pages"}],"about":[{"href":"https:\/\/ifdc.edu.ar\/home\/wp-json\/wp\/v2\/types\/page"}],"author":[{"embeddable":true,"href":"https:\/\/ifdc.edu.ar\/home\/wp-json\/wp\/v2\/users\/3"}],"replies":[{"embeddable":true,"href":"https:\/\/ifdc.edu.ar\/home\/wp-json\/wp\/v2\/comments?post=3707"}],"version-history":[{"count":19,"href":"https:\/\/ifdc.edu.ar\/home\/wp-json\/wp\/v2\/pages\/3707\/revisions"}],"predecessor-version":[{"id":9737,"href":"https:\/\/ifdc.edu.ar\/home\/wp-json\/wp\/v2\/pages\/3707\/revisions\/9737"}],"wp:attachment":[{"href":"https:\/\/ifdc.edu.ar\/home\/wp-json\/wp\/v2\/media?parent=3707"}],"curies":[{"name":"wp","href":"https:\/\/api.w.org\/{rel}","templated":true}]}}